 - 12. Let r be a(8). Suppose -d + r = -26. Suppose 0 = -5*f - d + 95. Calculate the remainder when 51 is divided by f.
12
Let z = 108 + 240. Calculate the remainder when z is divided by 70.
68
Let d be (4 + -4)/(1 - 2). Let a be 7 + (d + 0 - 3). Suppose -3*x + a*l + 189 = 0, x + 3*l + 189 = 4*x. What is the remainder when x is divided by 22?
19
Let h(x) = 77*x - 199. Calculate the remainder when h(3) is divided by 5.
2
Suppose -4*s - 224 = -428. What is the remainder when 355 is divided by s?
49
Let h = -453 - -464. What is the remainder when 0 + 2 - -1*85 is divided by h?
10
Suppose 25*y = 21*y + 80. Let t = 93 - 56. Calculate the remainder when t is divided by y.
17
Let c = 20 + -55. Calculate the remainder when 10/c - (-578)/14 is divided by 9.
5
Suppose 4*y + 123 = 4*l - 1, -5*l + 146 = -2*y. Suppose q + i = 2*i + 20, -q + 5*i + l = 0. What is the remainder when 38 - (1 - (0 - 3)) is divided by q?
16
Let b(u) = 6*u - 2. Let m be b(2). Suppose -m*k + 24 = -6*k. What is the remainder when 29 is divided by k?
5
Let j(w) = 6*w**2 - 5*w - 1. Let b be j(-2). Suppose -3*m - v = -b, m - 8 = -4*v + 3. Calculate the remainder when 17 is divided by m.
6
Suppose 11*o + 2 = 2. Suppose 5*f + 2*r = 353, o = -f + 3*r + 21 + 36. Calculate the remainder when f is divided by 24.
21
Let f = 46 + -2. Let c = f - 31. Calculate the remainder when 77 is divided by c.
12
Suppose -2*j + 17 = 3*c, 4*c - 2*c - 15 = -5*j. What is the remainder when (-5)/(-4) + 115/20 + -3 is divided by j?
0
Let n = -126 - -120. Calculate the remainder when 52 is divided by 29 + 0 + (n - -4).
25
Let r = -72 - -119. Let c(l) = -2*l**2 - 16*l + 16. Calculate the remainder when r is divided by c(-8).
15
Let m(a) = -24*a - 9. Suppose o + 2*d + 1 = -4*o, 4*d - 5 = -3*o. Calculate the remainder when m(o) is divided by 4.
3
What is the remainder when 41 is divided by (1 - 3*1)/(55/(-605))?
19
Suppose 115 - 496 = -3*o. Let t = o + -91. What is the remainder when t is divided by 19?
17
Let x(p) = p**3 + 16*p**2 - 2. Let o be x(-16). Let z(b) = 4*b**2 - 3*b - 4. What is the remainder when 69 is divided by z(o)?
15
Suppose 5*m = 4*t + 425, -3 = 5*t + 22. Calculate the remainder when 1457 is divided by m.
80
Let y(c) = 69*c**2 - 2*c. Calculate the remainder when y(1) is divided by 21 + -19 - (-21 + 0).
21
Suppose 2*r - 251 = -89. What is the remainder when r is divided by 19?
5
Let o be (20/(-10))/((-2)/(-8)). Let q be -1 + (o - -3)*-1. Suppose q*b - 96 = 20. Calculate the remainder when b is divided by 10.
9
Let h = 12 + -12. Calculate the remainder when 94 - h - (-2 + 3) is divided by 19.
17
Let d be 34 - (6 + (4 - 3)). Suppose 0 = -3*x + 7 + 5. What is the remainder when d + x/2 + 0 is divided by 15?
14
Suppose -8*d = 4*p - 5*d - 156, -p - 5*d + 22 = 0. What is the remainder when 82 is divided by p?
40
Suppose -100 = -3*q + 2*i, 3*q - 8*q + 160 = -5*i. Calculate the remainder when 465 is divided by q.
33
Let k = 1003 - 941. Calculate the remainder when 65 is divided by k.
3
Let c = -845 - -861. Calculate the remainder when ((-30)/(-8))/(5/40) is divided by c.
14
Let k(z) = -4*z + 1. Let q(g) = -g + 2. Let s(a) = -k(a) + 3*q(a). Let f = 1 + -4. What is the remainder when 6 is divided by s(f)?
0
Suppose 26*l = 141 - 11. What is the remainder when l is divided by 3?
2
Suppose 4*m - 166 = 2*c, m + 175 = 6*m + 4*c. Calculate the remainder when 146 is divided by m.
29
Let v(m) = -m**2 + 28*m - 20. Calculate the remainder when 135 is divided by v(26).
7
Suppose 4*n - 84 = 96. Let c = n + 6. Suppose -g + 33 = 7*k - 2*k, -3*g = -5*k - 19. Calculate the remainder when c is divided by g.
12
Let t(b) = b. Let h be t(-6). Let f be (-4)/h + 34/3. Suppose m - f = -2*c, 0 = 3*m + 2*c - 5*c - 63. What is the remainder when 51 is divided by m?
15
Let w be (48/(-10))/(11/(-55)). Suppose -23*q = -27*q + w. Calculate the remainder when (-282)/9*q/(-4) is divided by 16.
15
Let g(l) = l**2 - l - 1. Suppose 2*s - 44 = -3*q, 2*s + 4*q - 30 = 8*q. Let r = s - 5. Calculate the remainder when g(-7) is divided by r.
13
Suppose 1532 = 6*o - 76. What is the remainder when o is divided by 34?
30
Let q = 149 - 67. Let n = 19 + -14. Suppose -n*j + 0*j + 105 = 0. Calculate the remainder when q is divided by j.
19
Suppose 3*t - 690 = -3*t. Suppose -t = 4*b - 9*b. What is the remainder when 68 is divided by b?
22
Suppose -220*i + 5040 = -157*i. Calculate the remainder when 170 is divided by i.
10
Suppose 5*r - 59 = -3*a, 4*a - 2*r = 68 + 28. What is the remainder when 227 is divided by a?
20
Suppose -2*s + 24 = -92. Suppose -3*j = -23 - s. What is the remainder when j is divided by 14?
13
Suppose 0 = 4*v - 5*v + 3*g + 20, 0 = -5*v + 2*g + 126. What is the remainder when 115 is divided by v?
11
Let m = 58 - 31. Let w = m + -19. Calculate the remainder when 45 is divided by w/3*9/2.
9
Let d = 686 - 602. What is the remainder when d is divided by 25?
9
Let b(s) = s**2 + 5. Let g be 6 - (3 + 4/(-8)*2). What is the remainder when 39 is divided by b(g)?
18
Let i(a) be the second derivative of 0 - 2*a - 1/12*a**4 - a**2 - 5/2*a**3. What is the remainder when i(-8) is divided by 19?
16
Suppose -15*s - 654 = -2484. What is the remainder when s is divided by 43?
36
Let n = -6 + 12. Suppose -o - 4*p = n, -2*p + 5*p = 5*o - 16. Suppose -y + 3*m = -26, -y + 92 = o*y + 5*m. What is the remainder when y is divided by 5?
4
Let o be (-4)/6 + 8/3. Suppose -27 = o*l - 1. Let c = l - -18. Calculate the remainder when 7 is divided by c.
2
Let b(j) = -j**3 - 6*j**2 - 7*j + 1. Let f(k) = 10*k**2 - 4. Let w be f(-3). Suppose 0 = n + n - w. Calculate the remainder when n is divided by b(-5).
10
Suppose 105 = 48*j - 43*j. Let o(t) = -4*t - 7. Let s be o(5). What is the remainder when (-6)/s + (-1490)/(-18) is divided by j?
20
Let w = -101 + 114. Calculate the remainder when 23/((-4)/(-12)*3) is divided by w.
10
Suppose 2*s = -6, s - 3*s - 136 = -5*l. Suppose -3*c - 36 = -3*n, 4*c - 8*c = n - 27. Calculate the remainder when l is divided by n.
11
Let i = 392 + -390. Suppose -4*u + 13 = -19. Let c = u - 2. What is the remainder when c is divided by i?
0
Suppose -5*l + 25 = -0*l. Let v = 1 - l. Let t(f) = f**3 + 6*f**2 + 6*f + 5. Calculate the remainder when 49 is divided by t(v).
10
Let o = -416 + 516. What is the remainder when o is divided by 46?
8
Suppose 4*l - 254 = -2*g, l - 59 = 7*g - 3*g. Calculate the remainder when l is divided by 12.
3
Let z = 13 - 6. Let r(w) = -w**3 + 8*w**2 + 11*w + 17. Let j be r(10). Let g = 83 + j. What is the remainder when g is divided by z?
3
Let u = -65 - -153. Suppose -12*w = -5*w - 434. Let v = u - w. Calculate the remainder when v is divided by 9.
8
Suppose 2*x + 4*v + 4 = -0*v, -8 = -2*v. Suppose 4*k - 6 + 2 = 0. Calculate the remainder when k is divided by 0/(x/5) + 1.
0
Suppose -4*p + 3*p = -3. Let g(b) = 2*b**3 + 2*b**2 - 137*b + 402. Calculate the remainder when g(3) is divided by 66/(-9)*p*-1.
19
Let y(j) = -j**3 - 7*j**2 - 7*j - 10. Let i be y(-6). Calculate the remainder when 120/18*(-6)/i is divided by 2.
0
Let c(i) = -i**3 + 16*i**2 + 19*i + 4. Suppose 0 = -19*r + 20*r - 17. Calculate the remainder when c(r) is divided by 20.
18
Let h be (-2 - 2)/(4/(-26)). Let b = h + -10. Let q = 474 - 464. What is the remainder when b is divided by q?
6
Let u(w) = w + 1. Let z(s) = -8*s + 14. Let y(m) = -5*u(m) - z(m). Calculate the remainder when y(10) is divided by 5.
1
Suppose 3*u + 12*k = 7*k + 188, 0 = -u - 2*k + 63. What is the remainder when u is divided by 82/4 - 2/(-4)?
19
Let t = 5 + -5. Let n be -1*3/(-1 + t). Suppose 4*u - n*b = 42, 2*u - 40 = -2*u + 4*b. Calculate the remainder when 34 is divided by u.
10
Let s = 31 + -29. Suppose 0 = 3*w - 5*y - 43, 3*y - s*y = 4. Calculate the remainder when 82 is divided by w.
19
Let o(k) = -k**3 - 13*k**2 - 17*k - 29. Suppose 13*z - 3 = -159. What is the remainder when 90 is divided by o(z)?
28
Let g = 2 - -10. Let t be (-4)/3*30/4. Let b(w) = -w**2 - 13*w + 5. What is the remainder when b(t) is divided by g?
11
Let a(g) = 36*g**3 + 15*g**2 - 16*g. What is the remainder when 52 is divided by a(1)?
17
Suppose -4*v + 15 = -v. Suppose -2 + 8 = 2*k, v*m + 5*k = 95. What is the remainder when 110 is divided by m?
14
Suppose -u + 31 = -4*i, -3*u + 143 = -0*u - 2*i. Suppose